{"id":8961,"date":"2026-03-01T12:19:17","date_gmt":"2026-03-01T11:19:17","guid":{"rendered":"https:\/\/clusterdapizarra.com\/medioambiente\/"},"modified":"2026-04-11T20:40:07","modified_gmt":"2026-04-11T18:40:07","slug":"medioambiente","status":"publish","type":"page","link":"https:\/\/clusterdapizarra.com\/gl\/medioambiente\/","title":{"rendered":"Medioambiente"},"content":{"rendered":"<div class=\"wpb-content-wrapper\"><div style=\"\" class=\"vc_row wpb_row vc_row-fluid vc_custom_1746774824490 vc_row-has-fill\"><div class=\"row-inner\"><div class=\"wpb_column vc_column_container vc_col-sm-2\"><div class=\"vc_column-inner\"><div class=\"wpb_wrapper\"><\/div><\/div><\/div><div class=\"wpb_column vc_column_container vc_col-sm-8\"><div class=\"vc_column-inner\"><div class=\"wpb_wrapper\">\n\t<div class=\"wpb_text_column wpb_content_element wpb_animate_when_almost_visible wpb_appear appear vc_custom_1750324185778 shadow\" >\n\t\t<div class=\"wpb_wrapper\">\n\t\t\t<h3 class=\"no-margin-top\" style=\"text-align: center; font-size: 2rem;\">Medioambiente<\/h3>\n\n\t\t<\/div>\n\t<\/div>\n<\/div><\/div><\/div><div class=\"wpb_column vc_column_container vc_col-sm-2\"><div class=\"vc_column-inner\"><div class=\"wpb_wrapper\"><\/div><\/div><\/div><\/div><\/div><div style=\"\" class=\"vc_row wpb_row vc_row-fluid\"><div class=\"row-inner\"><div class=\"wpb_column vc_column_container vc_col-sm-12\"><div class=\"vc_column-inner\"><div class=\"wpb_wrapper\">\n\t<div class=\"wpb_text_column wpb_content_element\" >\n\t\t<div class=\"wpb_wrapper\">\n\t\t\t<p>A industria da construci\u00f3n \u00e9 un importante contribu\u00ednte \u00e1s emisi\u00f3ns de gases de efecto invernadoiro; unha das formas para axudar a reducilas \u00e9 a selecci\u00f3n de materiais cunha menor contribuci\u00f3n global \u00e1s emisi\u00f3ns e ao impacto ambiental.<\/p>\n<p>Co fin de seleccionar o material para cubertas co menor impacto ambiental, \u00e9 necesario ter en conta varios factores:<\/p>\n<p><strong>\u2013 A enerx\u00eda consumida<\/strong>, \u00e9 dicir, a enerx\u00eda requirida para extraer, elaborar e transportar o material e facer fronte \u00e1 produci\u00f3n de residuos<\/p>\n<p><strong>\u2013 A durabilidade do material.<\/strong> O custo e o impacto ambiental deben medirse sobre a vida \u00fatil do produto; canto maior \u00e9 a durabilidade, menor \u00e9 o impacto.<\/p>\n<p><strong>\u2013 O potencial de reciclaxe ou rexeneraci\u00f3n.<\/strong> Tam\u00e9n \u00e9 necesario ter en conta a capacidade de reutilizar o material cando a vida \u00fatil da cuberta orixinal chegou ao seu fin.<\/p>\n\n\t\t<\/div>\n\t<\/div>\n<div class=\"vc_empty_space\"   style=\"height: 30px\"><span class=\"vc_empty_space_inner\"><\/span><\/div><\/div><\/div><\/div><\/div><\/div><div style=\"\" class=\"vc_row wpb_row vc_row-fluid\"><div class=\"row-inner\"><div class=\"wpb_column vc_column_container vc_col-sm-12\"><div class=\"vc_column-inner\"><div class=\"wpb_wrapper\">\n\t<div class=\"wpb_text_column wpb_content_element\" >\n\t\t<div class=\"wpb_wrapper\">\n\t\t\t<h2><strong>Restauraci\u00f3n Ambiental<\/strong><\/h2>\n\n\t\t<\/div>\n\t<\/div>\n<div class=\"vc_empty_space\"   style=\"height: 30px\"><span class=\"vc_empty_space_inner\"><\/span><\/div><\/div><\/div><\/div><\/div><\/div><div style=\"\" class=\"vc_row wpb_row vc_row-fluid\"><div class=\"row-inner\"><div class=\"wpb_column vc_column_container vc_col-sm-6\"><div class=\"vc_column-inner\"><div class=\"wpb_wrapper\"><div class=\"iconbox hover  vc_custom_1775931982214\">\n\t<div class=\"box-header\">\n\t\t<div class=\"box-icon\"><i class=\"fa fa-solid fa-arrow-right-from-bracket\"><\/i><\/div>\n\t\t<h5 class=\"box-title\">Ficha Declaraci\u00f3n Ambiental del Producto<\/h5>\n\t<\/div>\n\t<div class=\"box-content\">\n\t\t<div class=\"box-detail\">\n\t\t\t<p><strong>&#8211; Ficha Declaraci\u00f3n Ambiental do Produto.<\/strong><\/p>\n\n\t\t\t\n\t\t<p class=\"box-readmore\">\n\t\t\t<a href=\"https:\/\/clusterdapizarra.com\/DAPcons_c-004-105.pdf\">Ver m\u00e1is.<\/a>\n\t\t<\/p>\n\t\t<\/div>\n\t<\/div>\n<\/div><\/div><\/div><\/div><div class=\"wpb_column vc_column_container vc_col-sm-6\"><div class=\"vc_column-inner\"><div class=\"wpb_wrapper\"><\/div><\/div><\/div><\/div><\/div><div style=\"\" class=\"vc_row wpb_row vc_row-fluid\"><div class=\"row-inner\"><div class=\"wpb_column vc_column_container vc_col-sm-12\"><div class=\"vc_column-inner\"><div class=\"wpb_wrapper\"><div class=\"vc_empty_space\"   style=\"height: 50px\"><span class=\"vc_empty_space_inner\"><\/span><\/div><\/div><\/div><\/div><\/div><\/div>\n<\/div>","protected":false},"excerpt":{"rendered":"Medioambiente A industria da construci\u00f3n \u00e9 un importante contribu\u00ednte \u00e1s emisi\u00f3ns de gases de efecto invernadoiro; unha das formas para axudar a reducilas \u00e9 a selecci\u00f3n de materiais cunha menor contribuci\u00f3n global \u00e1s emisi\u00f3ns e ao impacto ambiental. Co fin de seleccionar o material para cubertas co menor impacto ambiental, \u00e9 necesario ter en conta [...]","protected":false},"author":1,"featured_media":0,"parent":0,"menu_order":0,"comment_status":"closed","ping_status":"closed","template":"","meta":{"footnotes":""},"class_list":["post-8961","page","type-page","status-publish","hentry"],"yoast_head":"<!-- This site is optimized with the Yoast SEO plugin v27.3 - https:\/\/yoast.com\/product\/yoast-seo-wordpress\/ -->\n<title>Sostenibilidad y Medioambiente en la Construcci\u00f3n<\/title>\n<meta name=\"description\" content=\"A industria da construci\u00f3n \u00e9 un importante contribu\u00ednte \u00e1s emisi\u00f3ns de gases de efecto invernadoiro.\" \/>\n<meta name=\"robots\" content=\"index, follow, max-snippet:-1, max-image-preview:large, max-video-preview:-1\" \/>\n<link rel=\"canonical\" href=\"https:\/\/clusterdapizarra.com\/gl\/medioambiente\/\" \/>\n<meta property=\"og:locale\" content=\"gl_ES\" \/>\n<meta property=\"og:type\" content=\"article\" \/>\n<meta property=\"og:title\" content=\"Sostenibilidad y Medioambiente en la Construcci\u00f3n\" \/>\n<meta property=\"og:description\" content=\"A industria da construci\u00f3n \u00e9 un importante contribu\u00ednte \u00e1s emisi\u00f3ns de gases de efecto invernadoiro.\" \/>\n<meta property=\"og:url\" content=\"https:\/\/clusterdapizarra.com\/gl\/medioambiente\/\" \/>\n<meta property=\"og:site_name\" content=\"Cluster da Pizarra de Galicia\" \/>\n<meta property=\"article:publisher\" content=\"https:\/\/www.facebook.com\/clusterdapizarra\" \/>\n<meta property=\"article:modified_time\" content=\"2026-04-11T18:40:07+00:00\" \/>\n<meta name=\"twitter:card\" content=\"summary_large_image\" \/>\n<meta name=\"twitter:site\" content=\"@clusterpizarra\" \/>\n<script type=\"application\/ld+json\" class=\"yoast-schema-graph\">{\"@context\":\"https:\\\/\\\/schema.org\",\"@graph\":[{\"@type\":\"WebPage\",\"@id\":\"https:\\\/\\\/clusterdapizarra.com\\\/gl\\\/medioambiente\\\/\",\"url\":\"https:\\\/\\\/clusterdapizarra.com\\\/gl\\\/medioambiente\\\/\",\"name\":\"Sostenibilidad y Medioambiente en la Construcci\u00f3n\",\"isPartOf\":{\"@id\":\"https:\\\/\\\/clusterdapizarra.com\\\/#website\"},\"datePublished\":\"2026-03-01T11:19:17+00:00\",\"dateModified\":\"2026-04-11T18:40:07+00:00\",\"description\":\"A industria da construci\u00f3n \u00e9 un importante contribu\u00ednte \u00e1s emisi\u00f3ns de gases de efecto invernadoiro.\",\"breadcrumb\":{\"@id\":\"https:\\\/\\\/clusterdapizarra.com\\\/gl\\\/medioambiente\\\/#breadcrumb\"},\"inLanguage\":\"gl-ES\",\"potentialAction\":[{\"@type\":\"ReadAction\",\"target\":[\"https:\\\/\\\/clusterdapizarra.com\\\/gl\\\/medioambiente\\\/\"]}]},{\"@type\":\"BreadcrumbList\",\"@id\":\"https:\\\/\\\/clusterdapizarra.com\\\/gl\\\/medioambiente\\\/#breadcrumb\",\"itemListElement\":[{\"@type\":\"ListItem\",\"position\":1,\"name\":\"Portada\",\"item\":\"https:\\\/\\\/clusterdapizarra.com\\\/gl\\\/\"},{\"@type\":\"ListItem\",\"position\":2,\"name\":\"Medioambiente\"}]},{\"@type\":\"WebSite\",\"@id\":\"https:\\\/\\\/clusterdapizarra.com\\\/#website\",\"url\":\"https:\\\/\\\/clusterdapizarra.com\\\/\",\"name\":\"Cl\u00faster da Pizarra de Galicia\",\"description\":\"Los objetivos del Cl\u00faster da Pizarra buscan la promoci\u00f3n de la pizarra gallega en el mercado actual, respondiendo a las nuevas necesidades del sector.\",\"publisher\":{\"@id\":\"https:\\\/\\\/clusterdapizarra.com\\\/#organization\"},\"potentialAction\":[{\"@type\":\"SearchAction\",\"target\":{\"@type\":\"EntryPoint\",\"urlTemplate\":\"https:\\\/\\\/clusterdapizarra.com\\\/?s={search_term_string}\"},\"query-input\":{\"@type\":\"PropertyValueSpecification\",\"valueRequired\":true,\"valueName\":\"search_term_string\"}}],\"inLanguage\":\"gl-ES\"},{\"@type\":\"Organization\",\"@id\":\"https:\\\/\\\/clusterdapizarra.com\\\/#organization\",\"name\":\"Cl\u00faster da Pizarra de Galicia\",\"url\":\"https:\\\/\\\/clusterdapizarra.com\\\/\",\"logo\":{\"@type\":\"ImageObject\",\"inLanguage\":\"gl-ES\",\"@id\":\"https:\\\/\\\/clusterdapizarra.com\\\/#\\\/schema\\\/logo\\\/image\\\/\",\"url\":\"https:\\\/\\\/clusterdapizarra.com\\\/wp-content\\\/uploads\\\/2024\\\/10\\\/logo@2x.png\",\"contentUrl\":\"https:\\\/\\\/clusterdapizarra.com\\\/wp-content\\\/uploads\\\/2024\\\/10\\\/logo@2x.png\",\"width\":430,\"height\":134,\"caption\":\"Cl\u00faster da Pizarra de Galicia\"},\"image\":{\"@id\":\"https:\\\/\\\/clusterdapizarra.com\\\/#\\\/schema\\\/logo\\\/image\\\/\"},\"sameAs\":[\"https:\\\/\\\/www.facebook.com\\\/clusterdapizarra\",\"https:\\\/\\\/x.com\\\/clusterpizarra\",\"https:\\\/\\\/www.linkedin.com\\\/company\\\/clster-de-la-pizarra-de-galicia\\\/\"]}]}<\/script>\n<!-- \/ Yoast SEO plugin. -->","yoast_head_json":{"title":"Sostenibilidad y Medioambiente en la Construcci\u00f3n","description":"A industria da construci\u00f3n \u00e9 un importante contribu\u00ednte \u00e1s emisi\u00f3ns de gases de efecto invernadoiro.","robots":{"index":"index","follow":"follow","max-snippet":"max-snippet:-1","max-image-preview":"max-image-preview:large","max-video-preview":"max-video-preview:-1"},"canonical":"https:\/\/clusterdapizarra.com\/gl\/medioambiente\/","og_locale":"gl_ES","og_type":"article","og_title":"Sostenibilidad y Medioambiente en la Construcci\u00f3n","og_description":"A industria da construci\u00f3n \u00e9 un importante contribu\u00ednte \u00e1s emisi\u00f3ns de gases de efecto invernadoiro.","og_url":"https:\/\/clusterdapizarra.com\/gl\/medioambiente\/","og_site_name":"Cluster da Pizarra de Galicia","article_publisher":"https:\/\/www.facebook.com\/clusterdapizarra","article_modified_time":"2026-04-11T18:40:07+00:00","twitter_card":"summary_large_image","twitter_site":"@clusterpizarra","schema":{"@context":"https:\/\/schema.org","@graph":[{"@type":"WebPage","@id":"https:\/\/clusterdapizarra.com\/gl\/medioambiente\/","url":"https:\/\/clusterdapizarra.com\/gl\/medioambiente\/","name":"Sostenibilidad y Medioambiente en la Construcci\u00f3n","isPartOf":{"@id":"https:\/\/clusterdapizarra.com\/#website"},"datePublished":"2026-03-01T11:19:17+00:00","dateModified":"2026-04-11T18:40:07+00:00","description":"A industria da construci\u00f3n \u00e9 un importante contribu\u00ednte \u00e1s emisi\u00f3ns de gases de efecto invernadoiro.","breadcrumb":{"@id":"https:\/\/clusterdapizarra.com\/gl\/medioambiente\/#breadcrumb"},"inLanguage":"gl-ES","potentialAction":[{"@type":"ReadAction","target":["https:\/\/clusterdapizarra.com\/gl\/medioambiente\/"]}]},{"@type":"BreadcrumbList","@id":"https:\/\/clusterdapizarra.com\/gl\/medioambiente\/#breadcrumb","itemListElement":[{"@type":"ListItem","position":1,"name":"Portada","item":"https:\/\/clusterdapizarra.com\/gl\/"},{"@type":"ListItem","position":2,"name":"Medioambiente"}]},{"@type":"WebSite","@id":"https:\/\/clusterdapizarra.com\/#website","url":"https:\/\/clusterdapizarra.com\/","name":"Cl\u00faster da Pizarra de Galicia","description":"Los objetivos del Cl\u00faster da Pizarra buscan la promoci\u00f3n de la pizarra gallega en el mercado actual, respondiendo a las nuevas necesidades del sector.","publisher":{"@id":"https:\/\/clusterdapizarra.com\/#organization"},"potentialAction":[{"@type":"SearchAction","target":{"@type":"EntryPoint","urlTemplate":"https:\/\/clusterdapizarra.com\/?s={search_term_string}"},"query-input":{"@type":"PropertyValueSpecification","valueRequired":true,"valueName":"search_term_string"}}],"inLanguage":"gl-ES"},{"@type":"Organization","@id":"https:\/\/clusterdapizarra.com\/#organization","name":"Cl\u00faster da Pizarra de Galicia","url":"https:\/\/clusterdapizarra.com\/","logo":{"@type":"ImageObject","inLanguage":"gl-ES","@id":"https:\/\/clusterdapizarra.com\/#\/schema\/logo\/image\/","url":"https:\/\/clusterdapizarra.com\/wp-content\/uploads\/2024\/10\/logo@2x.png","contentUrl":"https:\/\/clusterdapizarra.com\/wp-content\/uploads\/2024\/10\/logo@2x.png","width":430,"height":134,"caption":"Cl\u00faster da Pizarra de Galicia"},"image":{"@id":"https:\/\/clusterdapizarra.com\/#\/schema\/logo\/image\/"},"sameAs":["https:\/\/www.facebook.com\/clusterdapizarra","https:\/\/x.com\/clusterpizarra","https:\/\/www.linkedin.com\/company\/clster-de-la-pizarra-de-galicia\/"]}]}},"_links":{"self":[{"href":"https:\/\/clusterdapizarra.com\/gl\/wp-json\/wp\/v2\/pages\/8961","targetHints":{"allow":["GET"]}}],"collection":[{"href":"https:\/\/clusterdapizarra.com\/gl\/wp-json\/wp\/v2\/pages"}],"about":[{"href":"https:\/\/clusterdapizarra.com\/gl\/wp-json\/wp\/v2\/types\/page"}],"author":[{"embeddable":true,"href":"https:\/\/clusterdapizarra.com\/gl\/wp-json\/wp\/v2\/users\/1"}],"replies":[{"embeddable":true,"href":"https:\/\/clusterdapizarra.com\/gl\/wp-json\/wp\/v2\/comments?post=8961"}],"version-history":[{"count":0,"href":"https:\/\/clusterdapizarra.com\/gl\/wp-json\/wp\/v2\/pages\/8961\/revisions"}],"wp:attachment":[{"href":"https:\/\/clusterdapizarra.com\/gl\/wp-json\/wp\/v2\/media?parent=8961"}],"curies":[{"name":"wp","href":"https:\/\/api.w.org\/{rel}","templated":true}]}}

<div class="wpb-content-wrapper"><div style="" class="vc_row wpb_row vc_row-fluid vc_custom_1746774824490 vc_row-has-fill"><div class="row-inner"><div class="wpb_column vc_column_container vc_col-sm-2"><div class="vc_column-inner"><div class="wpb_wrapper"></div></div></div><div class="wpb_column vc_column_container vc_col-sm-8"><div class="vc_column-inner"><div class="wpb_wrapper">
	<div class="wpb_text_column wpb_content_element wpb_animate_when_almost_visible wpb_appear appear vc_custom_1750324185778 shadow" >
		<div class="wpb_wrapper">
			<h3 class="no-margin-top" style="text-align: center; font-size: 2rem;">Medioambiente</h3>

		</div>
	</div>
</div></div></div><div class="wpb_column vc_column_container vc_col-sm-2"><div class="vc_column-inner"><div class="wpb_wrapper"></div></div></div></div></div><div style="" class="vc_row wpb_row vc_row-fluid"><div class="row-inner"><div class="wpb_column vc_column_container vc_col-sm-12"><div class="vc_column-inner"><div class="wpb_wrapper">
	<div class="wpb_text_column wpb_content_element" >
		<div class="wpb_wrapper">
			<p>A industria da construción é un importante contribuínte ás emisións de gases de efecto invernadoiro; unha das formas para axudar a reducilas é a selección de materiais cunha menor contribución global ás emisións e ao impacto ambiental.</p>
<p>Co fin de seleccionar o material para cubertas co menor impacto ambiental, é necesario ter en conta varios factores:</p>
<p><strong>– A enerxía consumida</strong>, é dicir, a enerxía requirida para extraer, elaborar e transportar o material e facer fronte á produción de residuos</p>
<p><strong>– A durabilidade do material.</strong> O custo e o impacto ambiental deben medirse sobre a vida útil do produto; canto maior é a durabilidade, menor é o impacto.</p>
<p><strong>– O potencial de reciclaxe ou rexeneración.</strong> Tamén é necesario ter en conta a capacidade de reutilizar o material cando a vida útil da cuberta orixinal chegou ao seu fin.</p>

		</div>
	</div>
<div class="vc_empty_space"   style="height: 30px"><span class="vc_empty_space_inner"></span></div></div></div></div></div></div><div style="" class="vc_row wpb_row vc_row-fluid"><div class="row-inner"><div class="wpb_column vc_column_container vc_col-sm-12"><div class="vc_column-inner"><div class="wpb_wrapper">
	<div class="wpb_text_column wpb_content_element" >
		<div class="wpb_wrapper">
			<h2><strong>Restauración Ambiental</strong></h2>

		</div>
	</div>
<div class="vc_empty_space"   style="height: 30px"><span class="vc_empty_space_inner"></span></div></div></div></div></div></div><div style="" class="vc_row wpb_row vc_row-fluid"><div class="row-inner"><div class="wpb_column vc_column_container vc_col-sm-6"><div class="vc_column-inner"><div class="wpb_wrapper"><div class="iconbox hover  vc_custom_1775931982214">
	<div class="box-header">
		<div class="box-icon"><i class="fa fa-solid fa-arrow-right-from-bracket"></i></div>
		<h5 class="box-title">Ficha Declaración Ambiental del Producto</h5>
	</div>
	<div class="box-content">
		<div class="box-detail">
			<p><strong>&#8211; Ficha Declaración Ambiental do Produto.</strong></p>

			
		<p class="box-readmore">
			<a href="https://clusterdapizarra.com/DAPcons_c-004-105.pdf">Ver máis.</a>
		</p>
		</div>
	</div>
</div></div></div></div><div class="wpb_column vc_column_container vc_col-sm-6"><div class="vc_column-inner"><div class="wpb_wrapper"></div></div></div></div></div><div style="" class="vc_row wpb_row vc_row-fluid"><div class="row-inner"><div class="wpb_column vc_column_container vc_col-sm-12"><div class="vc_column-inner"><div class="wpb_wrapper"><div class="vc_empty_space"   style="height: 50px"><span class="vc_empty_space_inner"></span></div></div></div></div></div></div>
</div>

Medioambiente A industria da construción é un importante contribuínte ás emisións de gases de efecto invernadoiro; unha das formas para axudar a reducilas é a selección de materiais cunha menor contribución global ás emisións e ao impacto ambiental. Co fin de seleccionar o material para cubertas co menor impacto ambiental, é necesario ter en conta [...]

<!-- This site is optimized with the Yoast SEO plugin v27.3 - https://yoast.com/product/yoast-seo-wordpress/ -->
<title>Sostenibilidad y Medioambiente en la Construcción</title>
<meta name="description" content="A industria da construción é un importante contribuínte ás emisións de gases de efecto invernadoiro." />
<meta name="robots" content="index, follow, max-snippet:-1, max-image-preview:large, max-video-preview:-1" />
<link rel="canonical" href="https://clusterdapizarra.com/gl/medioambiente/" />
<meta property="og:locale" content="gl_ES" />
<meta property="og:type" content="article" />
<meta property="og:title" content="Sostenibilidad y Medioambiente en la Construcción" />
<meta property="og:description" content="A industria da construción é un importante contribuínte ás emisións de gases de efecto invernadoiro." />
<meta property="og:url" content="https://clusterdapizarra.com/gl/medioambiente/" />
<meta property="og:site_name" content="Cluster da Pizarra de Galicia" />
<meta property="article:publisher" content="https://www.facebook.com/clusterdapizarra" />
<meta property="article:modified_time" content="2026-04-11T18:40:07+00:00" />
<meta name="twitter:card" content="summary_large_image" />
<meta name="twitter:site" content="@clusterpizarra" />
<script type="application/ld+json" class="yoast-schema-graph">{"@context":"https:\/\/schema.org","@graph":[{"@type":"WebPage","@id":"https:\/\/clusterdapizarra.com\/gl\/medioambiente\/","url":"https:\/\/clusterdapizarra.com\/gl\/medioambiente\/","name":"Sostenibilidad y Medioambiente en la Construcción","isPartOf":{"@id":"https:\/\/clusterdapizarra.com\/#website"},"datePublished":"2026-03-01T11:19:17+00:00","dateModified":"2026-04-11T18:40:07+00:00","description":"A industria da construción é un importante contribuínte ás emisións de gases de efecto invernadoiro.","breadcrumb":{"@id":"https:\/\/clusterdapizarra.com\/gl\/medioambiente\/#breadcrumb"},"inLanguage":"gl-ES","potentialAction":[{"@type":"ReadAction","target":["https:\/\/clusterdapizarra.com\/gl\/medioambiente\/"]}]},{"@type":"BreadcrumbList","@id":"https:\/\/clusterdapizarra.com\/gl\/medioambiente\/#breadcrumb","itemListElement":[{"@type":"ListItem","position":1,"name":"Portada","item":"https:\/\/clusterdapizarra.com\/gl\/"},{"@type":"ListItem","position":2,"name":"Medioambiente"}]},{"@type":"WebSite","@id":"https:\/\/clusterdapizarra.com\/#website","url":"https:\/\/clusterdapizarra.com\/","name":"Clúster da Pizarra de Galicia","description":"Los objetivos del Clúster da Pizarra buscan la promoción de la pizarra gallega en el mercado actual, respondiendo a las nuevas necesidades del sector.","publisher":{"@id":"https:\/\/clusterdapizarra.com\/#organization"},"potentialAction":[{"@type":"SearchAction","target":{"@type":"EntryPoint","urlTemplate":"https:\/\/clusterdapizarra.com\/?s={search_term_string}"},"query-input":{"@type":"PropertyValueSpecification","valueRequired":true,"valueName":"search_term_string"}}],"inLanguage":"gl-ES"},{"@type":"Organization","@id":"https:\/\/clusterdapizarra.com\/#organization","name":"Clúster da Pizarra de Galicia","url":"https:\/\/clusterdapizarra.com\/","logo":{"@type":"ImageObject","inLanguage":"gl-ES","@id":"https:\/\/clusterdapizarra.com\/#\/schema\/logo\/image\/","url":"https:\/\/clusterdapizarra.com\/wp-content\/uploads\/2024\/10\/logo@2x.png","contentUrl":"https:\/\/clusterdapizarra.com\/wp-content\/uploads\/2024\/10\/logo@2x.png","width":430,"height":134,"caption":"Clúster da Pizarra de Galicia"},"image":{"@id":"https:\/\/clusterdapizarra.com\/#\/schema\/logo\/image\/"},"sameAs":["https:\/\/www.facebook.com\/clusterdapizarra","https:\/\/x.com\/clusterpizarra","https:\/\/www.linkedin.com\/company\/clster-de-la-pizarra-de-galicia\/"]}]}</script>
<!-- / Yoast SEO plugin. -->

Sostenibilidad y Medioambiente en la Construcción

A industria da construción é un importante contribuínte ás emisións de gases de efecto invernadoiro.

Clúster da Pizarra de Galicia

Los objetivos del Clúster da Pizarra buscan la promoción de la pizarra gallega en el mercado actual, respondiendo a las nuevas necesidades del sector.
